 base 16.
-1e
What is 12 (base 9) in base 10?
11
Convert 100 (base 9) to base 14.
5b
What is -117 (base 9) in base 3?
-10121
1 (base 10) to base 7
1
185 (base 15) to base 13
20c
What is -1 (base 3) in base 14?
-1
What is -3 (base 10) in base 16?
-3
What is -1 (base 10) in base 13?
-1
What is -15 (base 6) in base 14?
-b
-4 (base 11) to base 9
-4
Convert 11 (base 8) to base 10.
9
-11 (base 14) to base 6
-23
-7e (base 16) to base 12
-a6
What is 125 (base 6) in base 15?
38
Convert -11110 (base 2) to base 10.
-30
Convert 31 (base 9) to base 2.
11100
What is -8 (base 15) in base 13?
-8
What is 8 (base 16) in base 11?
8
Convert 210 (base 4) to base 15.
26
Convert 9 (base 10) to base 13.
9
Convert -277 (base 10) to base 7.
-544
What is 29 (base 12) in base 13?
27
Convert -253 (base 9) to base 15.
-e0
-2 (base 12) to base 15
-2
Convert -125 (base 12) to base 9.
-212
Convert 30 (base 9) to base 6.
43
What is 124 (base 5) in base 16?
27
What is -55 (base 12) in base 14?
-49
Convert -62 (base 11) to base 3.
-2112
What is -9 (base 13) in base 12?
-9
0 (base 5) to base 11
0
What is 0 (base 10) in base 2?
0
What is -10 (base 7) in base 6?
-11
What is 8 (base 12) in base 7?
11
What is 421 (base 9) in base 13?
205
What is -1001 (base 2) in base 6?
-13
Convert -4 (base 13) to base 3.
-11
What is -32 (base 5) in base 3?
-122
Convert -11 (base 3) to base 6.
-4
Convert -3 (base 11) to base 10.
-3
What is -218 (base 9) in base 15?
-be
-3 (base 15) to base 7
-3
What is -6 (base 12) in base 5?
-11
Convert 16 (base 12) to base 4.
102
What is -2 (base 8) in base 11?
-2
2 (base 11) to base 13
2
-12 (base 9) to base 3
-102
2 (base 5) to base 9
2
Convert -212 (base 8) to base 10.
-138
What is -24 (base 6) in base 14?
-12
81 (base 10) to base 11
74
What is -10010100 (base 2) in base 8?
-224
-40 (base 16) to base 11
-59
Convert -122 (base 3) to base 7.
-23
Convert 8 (base 11) to base 6.
12
0 (base 2) to base 10
0
-1 (base 2) to base 6
-1
-4a (base 15) to base 7
-130
-3 (base 8) to base 4
-3
123 (base 5) to base 12
32
1c (base 15) to base 3
1000
What is -10110001 (base 2) in base 11?
-151
Convert -4 (base 15) to base 3.
-11
Convert -2 (base 7) to base 14.
-2
-40 (base 8) to base 13
-26
What is 330 (base 4) in base 16?
3c
-101 (base 3) to base 5
-20
2 (base 9) to base 3
2
5 (base 15) to base 14
5
Convert -1 (base 12) to base 3.
-1
Convert 2 (base 5) to base 14.
2
Convert a4 (base 15) to base 5.
1104
What is 0 (base 3) in base 4?
0
What is 1111 (base 3) in base 6?
104
Convert 9 (base 12) to base 5.
14
What is 20 (base 5) in base 2?
1010
Convert -67 (base 14) to base 16.
-5b
What is -22 (base 6) in base 14?
-10
Convert -1 (base 14) to base 9.
-1
Convert 22 (base 5) to base 4.
30
11 (base 11) to base 10
12
Convert -100 (base 2) to base 13.
-4
Convert 10 (base 3) to base 15.
3
11 (base 3) to base 6
4
80 (base 13) to base 5
404
What is -76 (base 9) in base 2?
-1000101
328 (base 10) to base 9
404
Convert 1a (base 11) to base 12.
19
Convert 100110 (base 2) to base 6.
102
-12 (base 10) to base 7
-15
Convert 144 (base 10) to base 2.
10010000
What is 216 (base 7) in base 6?
303
-3 (base 11) to base 2
-11
What is -a6 (base 14) in base 2?
-10010010
What is -122 (base 3) in base 16?
-11
Convert 59 (base 14) to base 12.
67
Convert -223 (base 8) to base 13.
-b4
What is -22 (base 8) in base 10?
-18
30 (base 10) to base 3
1010
3d (base 15) to base 5
213
Convert ad (base 14) to base 8.
231
100101 (base 2) to base 11
34
-6 (base 8) to base 16
-6
Convert 11 (base 13) to base 16.
e
What is -40 (base 12) in base 10?
-48
33 (base 5) to base 11
17
4 (base 14) to base 15
4
-2 (base 9) to base 6
-2
What is -18 (base 11) in base 8?
-23
What is 1302 (base 4) in base 13?
8a
Convert 7 (base 11) to base 9.
7
111 (base 3) to base 4
31
-4 (base 11) to base 12
-4
141 (base 6) to base 10
61
Convert 2 (base 13) to base 14.
2
What is 0 (base 12) in base 15?
0
Convert -a (base 12) to base 6.
-14
What is 8 (base 12) in base 7?
11
a (base 12) to base 2
1010
-11 (base 4) to base 12
-5
-4 (base 13) to base 9
-4
1 (base 10) to base 12
1
0 (base 14) to base 4
0
What is -3 (base 16) in base 10?
-3
Convert -196 (base 14) to base 6.
-1304
40 (base 15) to base 2
111100
Convert 1 (base 16) to base 8.
1
38 (base 10) to base 6
102
Convert 35 (base 15) to base 12.
42
What is -68 (base 11) in base 6?
-202
What is 1 (base 12) in base 4?
1
Convert -15 (base 7) to base 5.
-22
-1 (base 2) to base 8
-1
Convert -101011 (base 2) to base 10.
-43
What is -a (base 16) in base 8?
-12
Convert 2100 (base 4) to base 7.
264
27 (base 10) to base 14
1d
What is 11 (base 7) in base 11?
8
What is -15 (base 13) in base 7?
-24
34 (base 5) to base 16
13
1000 (base 3) to base 10
27
131 (base 4) to base 6
45
-56 (base 14) to base 3
-2211
Convert -2e (base 15) to base 5.
-134
What is -4 (base 8) in base 16?
-4
What is 9 (base 14) in base 15?
9
b (base 14) to base 10
11
-33 (base 15) to base 6
-120
Convert -131 (base 5) to base 16.
-29
What is 3 (base 15) in base 6?
3
-1134 (base 5) to base 9
-207
-330 (base 5) to base 3
-10100
Convert -23 (base 5) to base 13.
-10
6 (base 16) to base 8
6
What is d (base 15) in base 4?
31
What is -165 (base 10) in base 11?
-140
-1001110 (base 2) to base 12
-66
What is -1022 (base 4) in base 8?
-112
Convert -4 (base 12) to base 13.
-4
Convert -144 (base 9) to base 8.
-171
-2 (base 4) to base 11
-2
What is 268 (base 11) in base 4?
10330
-103 (base 6) to base 15
-29
Convert 64 (base 13) to base 15.
57
What is 10001 (base 2) in base 3?
122
What is 6 (base 11) in base 3?
20
What is 59 (base 15) in base 14?
60
41 (base 13) to base 9
58
What is -7 (base 14) in base 16?
-7
-68 (base 16) to base 15
-6e
-21 (base 5) to base 12
-b
Convert 1 (base 7) to base 3.
1
-4 (base 5) to base 16
-4
What is -1 (base 16) in base 9?
-1
What is 6 (base 14) in base 13?
6
-1011 (base 3) to base 7
-43
What is -55 (base 8) in base 14?
-33
What is 1 (base 8) in base 11?
1
-4 (base 8) to base 10
-4
Convert -16 (base 13) to base 2.
-10011
-145 (base 10) to base 11
-122
Convert 0 (base 13) to base 12.
0
Convert 160 (base 9) to base 10.
135
3 (base 15) to base 2
11
What is -18 (base 12) in base 7?
-26
Convert 82 (base 16) to base 9.
154
What is 167 (base 8) in base 7?
230
Convert -3 (base 5) to base 14.
-3
Convert -1 (base 12) to base 5.
-1
-e (base 16) to base 4
-32
Convert -53 (base 10) to base 16.
-35
11 (base 9) to base 15
a
Convert -14 (base 6) to base 12.
-a
-16 (base 12) to base 7
-24
19b (base 14) to base 4
11031
Convert -5 (base 12) to base 14.
-5
1100011 (base 2) to base 10
99
What is -1a (base 14) in base 11?
-22
36 (base 14) to base 12
40
What is -10100 (base 4) in base 10?
-272
18 (base 12) to base 15
15
-30 (base 7) to base 2
-10101
What is -11 (base 3) in base 9?
-4
-2 (base 9) to base 7
-2
What is -12d (base 15) in base 4?
-10030
Convert 4 (base 5) to base 4.
10
What is -49 (base 14) in base 4?
-1001
-5 (base 10) to base 11
-5
What is 1 (base 5) in base 12?
1
-10 (base 5) to base 16
-5
12 (base 10) to base 6
20
Convert 3 (base 5) to base 14.
3
-11 (base 2) to base 6
-3
Convert 25 (base 16) to base 11.
34
223 (base 5) to base 7
120
-1 (base 8) to base 15
-1
10 (base 12) to base 9
13
What is 23 (base 10) in base 15?
18
-13 (base 8) to base 2
-1011
What is -1 (base 2) in base 14?
-1
5 (base 16) to base 15
5
-14 (base 11) to base 9
-16
Convert 7c (base 13) to base 9.
124
Convert -12 (base 4) to base 6.
-10
31 (base 5) to base 11
15
5 (base 8) to base 11
5
-2 (base 11) to base 4
-2
What is 6 (base 14) in base 13?
6
Convert -2 (base 5) to base 16.
-2
What is 6 (base 14) in base 5?
11
What is -38 (base 12) in base 3?
-1122
-20 (base 5) to base 3
-101
What is -241 (base 5) in base 16?
-47
Convert 5 (base 8) to base 7.
5
What is -16 (base 7) in base 15?
-d
Convert 17 (base 8) to base 16.
f
What is -20 (base 5) in base 11?
-a
-5 (base 16) to base 5
-10
What is -4 (base 6) in base 15?
-4
Convert 0 (base 16) to base 6.
0
Convert 1242 (base 5) to base 4.
3011
Convert 16 (base 8) to base 10.
14
Convert 173 (base 9) to base 2.
10010011
Convert -10 (base 7) to base 11.
-7
What is 30 (base 11) in base 15?
23
What is 2302 (base 4) in base 6?
454
Convert -4 (base 11) to base 16.
-4
Convert -1112 (base 3) to base 4.
-221
Convert 4 (base 10) to base 2.
100